25 = -p, -4*p + 7*p - z*y = 40. Let q = p + 0. What is the tens digit of q?
1
Let j = 5559 + -3314. What is the thousands digit of j?
2
Let p = -906 - -2309. What is the units digit of p?
3
Let m = 476 - 184. What is the tens digit of m?
9
Let r be ((-424)/(-3))/4*(-3)/(-2). Let q = r + 40. What is the tens digit of q?
9
What is the tens digit of ((-85)/(-20))/(1 - (-5139)/(-5148))?
3
Let s(r) = 533*r**2 + 8*r + 1. What is the units digit of s(1)?
2
What is the tens digit of -4*(4359/15)/(20/(-25))?
5
Let y = 41 + -23. Let v = y + 93. What is the units digit of v?
1
Let i = 16 - 10. Let t be 9286/i - (-14)/(-21). What is the units digit of t/52 - 2/(-8)?
0
Suppose z + 40 = 125. Suppose -13 = 3*b - z. What is the tens digit of b?
2
Suppose -5*u + 65 - 3 = 3*t, 12 = 3*t. Let i(h) = h**3 - 8*h**2 - 14*h + 19. What is the tens digit of i(u)?
7
Suppose 2*z + 4 = 2*a, -2*z + 3*a - 6 - 3 = 0. Suppose 12 = z*i + i. Suppose 0 = -i*o + y + 73, -3*y + 79 = 3*o - y. What is the tens digit of o?
2
What is the units digit of ((-118)/(-3))/((-68)/(-33) - 2)?
9
Suppose -60 = 2*r - 6*r. Let u be r/30 - 11/(-2). Suppose v = 4*p + 8, 4*p = -4*v + 66 + u. What is the tens digit of v?
1
Let a(u) = u**3 + 5*u**2 - 7*u - 10. Let d be a(-6). What is the units digit of (-7)/d - (-10)/40?
2
Let c(k) = 270*k**2 - k - 21. What is the hundreds digit of c(-3)?
4
Let s(i) be the third derivative of i**6/120 + i**5/6 - 19*i**4/24 - 5*i**3/3 - 8*i**2. What is the tens digit of s(-11)?
7
Let v(t) = -t**3 - 4*t**2 + 8*t. Let k be v(-6). Let p be 2298/k + 2/8. Suppose -4*y = -8*y + p. What is the units digit of y?
4
Let h = -2 + 2. Suppose 4*c + 4*a - 4 = h, a - 5 = 4*c - 14. Suppose 0 = 4*l - 2*l - c, -2*l = -2*b + 28. What is the units digit of b?
5
Let r be -38 + 8/(-10)*-5. Let a = r + 59. What is the units digit of a?
5
Let i = 158 - 89. Suppose -193 = 4*s - 69. Let c = s + i. What is the units digit of c?
8
Let g = 2034 + -1209. Suppose 5*b - g = -5*w, -b - 2*b - 809 = -5*w. What is the units digit of w?
3
Suppose -60*k + 56*k + 1312 = 0. What is the units digit of k?
8
Let h be 1 + 2/2 - (-10 + 10). What is the units digit of h/((-55)/66*3/(-20))?
6
Suppose 13*i + 756 = 16*i. What is the units digit of i?
2
Let h(s) = s**2 - 13. Let a be h(-4). Suppose -a*d - n + 200 = d, -2*n + 50 = d. What is the tens digit of d?
5
Suppose -597 = -11*w + 1042. What is the hundreds digit of w?
1
Suppose 3*v - 26 = 4*z + 36, -5*z + 27 = v. Let q = 74 - v. What is the units digit of q?
2
Let d = -619 - -3851. What is the units digit of d?
2
Let m = -86 - -128. Suppose -3*x + 5*g + m = -2, -5*x - g + 92 = 0. Suppose -4*q + x = -178. What is the tens digit of q?
4
Suppose 0 = -3*x - p + 132 + 80, -20 = 5*p. Suppose -l + x = 16. What is the tens digit of l?
5
Suppose 2*x - 3 = v, -4*v + 16 = 5*x + 41. Let i(h) = -25 + 56 - 37 - 2*h. What is the units digit of i(v)?
4
Let b(m) = 12 + 8*m**3 + 8*m - 4 - 19*m**3 + 8*m**3. What is the units digit of b(-3)?
5
Let x(m) = -m**3 + 13*m**2 - 8*m - 8. Let q be x(12). Suppose -q - 25 = -5*k. Let h = k + -12. What is the units digit of h?
1
Suppose -j = -2*j + 3. Suppose -3*f - j*f + 270 = 0. What is the tens digit of f?
4
Let d(h) = 19*h - 24. What is the tens digit of d(4)?
5
Suppose -4*g - 8 = -w, 0 = 2*g - g + 4*w + 2. Let k be (-570)/(-4)*g/(-3). Suppose 2*o - 5*c - 68 = 0, 5*c - c + k = 3*o. What is the units digit of o?
9
Suppose -25 = -9*o + 4*o. Suppose o*l - 2*j = 132, l - 5*l = 4*j - 128. What is the tens digit of l?
2
Let r(j) = -7*j - 12. Let x(i) = -i - 1. Let h(p) = r(p) - 6*x(p). Let g be h(-10). What is the tens digit of (-304)/(-14) + g/14?
2
Let i be 1/(2/2) - -3. Let z = 194 - 189. Suppose i*o = z*v - 238, -4*o + 7 = -5. What is the tens digit of v?
5
Suppose 0*p - 5*p + 130 = 0. Let i = p + 115. Let u = -101 + i. What is the units digit of u?
0
Suppose -3*q = -4*a - 32, -3*q + 0*a + 56 = 2*a. Suppose -5*c - 704 = -q*c. What is the tens digit of c?
6
Let o = 1056 - 734. What is the units digit of o?
2
Let t(l) = 2*l**2 - 3*l + 55. What is the tens digit of t(15)?
6
Suppose -158004 = 104*h - 161*h. What is the thousands digit of h?
2
Let n be (2 + -53)*(-5)/15. Let k = n + 28. Suppose 0 = -3*l + k + 84. What is the units digit of l?
3
Suppose 3 = -2*t + 7. What is the units digit of 2/((-2)/(-25)) + t?
7
Suppose -2*x - 2*g = -74, 0*x = 2*x - 3*g - 69. Suppose -3*r + 2*t + x = 2, -5*t + 29 = 2*r. What is the tens digit of r?
1
Let m = -47 - -47. What is the hundreds digit of -2 + m + 5 + 117?
1
Let x be (-6)/4*1148/21. Let l = -182 - x. What is the tens digit of (5/4)/((-5)/l)?
2
Let l(w) = 6 + 0*w + w**2 + 8*w + 4. Let h be l(-7). Suppose -t + 41 = -4*x, -8*t = -h*t - 4*x - 205. What is the tens digit of t?
4
Let d(g) = 2*g**2 + 21*g + 46. What is the units digit of d(-31)?
7
Suppose -2*f = -5*z + 81, f - 4*f - 2*z - 74 = 0. Let j = -12 - f. Let s(w) = -w**2 + 16*w + 7. What is the units digit of s(j)?
7
Let z = 2132 - 963. What is the thousands digit of z?
1
Suppose -39*u + 38090 = -13*u. What is the hundreds digit of u?
4
Let g = 27 - 24. Suppose -5*l + g*l + 108 = 5*u, -5*u = 4*l - 236. What is the units digit of l?
4
Suppose 118 = 4*v - 3*m - 2, 0 = -4*v - m + 104. Suppose 0 = -5*c - v + 552. Suppose 0 = -4*g + c + 43. What is the tens digit of g?
3
Let a(x) = -11*x - 19. Let q(n) = 5*n + 9. Let d(m) = -3*a(m) - 5*q(m). Let y be d(-13). Let p = y - -129. What is the units digit of p?
7
Let n = -17 - -20. Suppose 0 = -n*v + 4*v. Suppose -230 = -4*j + 5*a, v = a - 0*a - 2. What is the tens digit of j?
6
Suppose 59*n = 16*n + 54395. What is the tens digit of n?
6
What is the hundreds digit of (0 - -1)*(-868 - -8)/(-1)?
8
Let j = -27 - -24. What is the units digit of (j + -2)*48/(-10)?
4
Let s = -131 - -244. Suppose -21*t - 80 = -20*t. Let b = s + t. What is the tens digit of b?
3
Let f be (-74)/4*(128/(-4) + 2). Suppose -f = -6*z + 33. What is the units digit of z?
8
Let g be 2*(-1 + 5 + -2). Let l(b) = -5*b - 4*b**2 + b**2 + 13*b**2 - g*b**3 + 3*b**3 + 1. What is the tens digit of l(9)?
3
Suppose 3*b - b - 8 = -2*j, -j - 20 = -2*b. Let o = b + -6. What is the units digit of o - 5 - (-3 + -21)?
1
Let g(o) = 337*o + 21. What is the thousands digit of g(16)?
5
Suppose 3*i = 22 + 8. Let y(t) = 15*t + 24. What is the units digit of y(i)?
4
Let c(b) = -2*b**3 + 34*b**2 - 2*b - 9. What is the thousands digit of c(14)?
1
Let d = 519 - -1498. What is the units digit of d?
7
Let i(k) = -2. Let j(b) = -b - 4. Let a(w) = -15*i(w) + 6*j(w). Let m be a(4). Let d(p) = -p**2 - 21*p - 19. What is the tens digit of d(m)?
3
Suppose 972 = 5*y - 2*z, -5*y - 221 + 1194 = -3*z. Suppose h = 5*b + 24, 0 = -4*b - 5*h + 4. What is the units digit of y/7 - b/14?
8
Let j(g) = -31*g - 112. What is the tens digit of j(-11)?
2
Let v = -236 + 838. What is the tens digit of v?
0
Suppose -105 = -17*p + 65. Suppose p = -4*n + 222. What is the units digit of n?
3
Suppose -3*h = 4*h + 140. What is the units digit of (-10)/h + (-258)/(-4)?
5
Let u be ((-5)/(-10))/((-2)/72). Let a be (-176)/18 + 4/u. What is the units digit of -8 - a - (-14 + -1)?
7
Let g be (-3)/(9/(-6)) + (-457 - -3). What is the units digit of (0 - 4)*7/(112/g)?
3
What is the units digit of (-21)/(-35) + (-7026)/(-15)?
9
Let j(k) = 3 - 6 + 2*k + 3*k - 3. Let w be j(-12). Let t = w + 100. What is the units digit of t?
4
Let u = 315 - -360. What is the units digit of u?
5
Let k be (-1 - -3)/((-2)/(-10)). Let a = 20 - k. What is the tens digit of (-130)/4*(-8)/a?
2
Let a(k) = -k**2 - 14*k - 8. Let h = 4 - 5. Let l be h/2 - 34/4. What is the tens digit of a(l)?
3
Suppose 5*q = -5*h + 1675, -3*q = -3*h + 4*h - 329. What is the tens digit of h?
3
Let s = -46 + 20. Let l = s + 28. What is the units digit of l?
2
Suppose 0 = 18*m + 7*m. Suppose -3*p + 180 = -0*p. Suppose 2*f + m*f = p. What is the tens digit of f?
3
Let a = 11 - 2. Let u = a + 97. What is the hundreds digit of u?
1
Suppose -2*h = 5*w - 3105, -9*w - 1551 = -h - 11*w. What is the thousands digit of h?
1
What is the units digit of -5*636/(5 - 8)?
0
Let k be -4 - 2 - -3 - -5. Let u(s) = 5*s. Let v be u(k). What is the units digit of -1*v*1/(-2)?
5
What is the units digit of (28592/56 + -8)/(3/21)?
8
Suppose 25*g - 20*g - 230 = 0. Let z = 122 -